*5/60 - 5*k**4/24 + 5*k**3/6 - 25*k**2. Let y be (-8)/1 - (-4 + 2). Determine r(y).
-1
Let p(m) = m**3 - 3*m**2 + 3*m - 1. Let c be -2*(-3)/6*1. Suppose 2*q + 11 = -c. Let d = q - -8. Calculate p(d).
1
Let t(j) = -j**2 - j - 2. Let z(d) = -2*d**2 - 4*d - 2. Let h be z(-2). Give t(h).
-4
Let a = 128 + -120. Let h(s) = s - 13. Determine h(a).
-5
Let z = 66 + -63. Let l(f) = 2*f + 1. What is l(z)?
7
Let k(u) be the third derivative of u**4/24 - u**3/6 - 11*u**2. Let t = -8 - -13. Calculate k(t).
4
Suppose 36 + 9 = -9*p. Let l(k) = k**3 + 6*k**2 + 4*k - 5. Calculate l(p).
0
Let c(m) = 2*m - 3. Let q be c(3). Let h(k) = 34*k - 2 - 34*k - 3*k**2 - k**q. Give h(-3).
-2
Suppose -4 = -l - v - 2, -6 = -l + 3*v. Let w(g) = -9 + g**2 - l + 8 + g. What is w(-4)?
8
Let r(d) be the first derivative of -1/4*d**4 + 5/3*d**3 - 2*d**2 + 4*d + 3. Determine r(4).
4
Let s(g) = -10*g**3 + 2*g**2 - 5. Let q(v) = -5*v**3 + v**2 - 3. Let m(r) = -5*q(r) + 3*s(r). Calculate m(-1).
6
Let d be (-46)/10 + (-2)/5. Let y(m) = m**3 + 6*m**2 + 5*m + 3. Determine y(d).
3
Let x(h) = -3*h + 5*h + 3 - 3*h**2 - 2. Let n be 7/(-14) - (-2)/(-4). What is x(n)?
-4
Suppose 10*p + 9 + 51 = 0. Let w(s) = -s + 1. Let g(l) = -2*l + 14. Let i(a) = g(a) - 5*w(a). Calculate i(p).
-9
Suppose 0 = 5*g + 14 - 44. Let m(a) = -a**3 + 6*a**2 + a - 2. Determine m(g).
4
Let c(h) = 5*h**3 - 6*h**2 + 6*h - 16. Let f(w) = w**3 - w**2 + w - 1. Let k(b) = c(b) - 6*f(b). Let m = 0 - 0. Determine k(m).
-10
Let k(y) = -2*y - 2. Suppose 0 = r - 5*r - 4*u, 0 = 5*u. Let n = -3 - -5. Let z = n - r. Determine k(z).
-6
Let u(s) = -s + 1. Let n = -12 - -19. Give u(n).
-6
Let s(j) = j**3 - 8*j**2 - 6. Suppose 0*u + 44 = 5*u - z, -2*z + 8 = 2*u. Determine s(u).
-6
Let z(s) be the first derivative of -s**6/120 + s**5/15 + s**4/4 + 2*s**3/3 - 2*s**2 + 7. Let b(n) be the second derivative of z(n). What is b(5)?
9
Let a(f) be the first derivative of -f**3 - 2*f + 3/2*f**2 - 4. Determine a(2).
-8
Let d(r) = -5*r**2 + r**3 + r**2 - 2*r + 51 + r - 50. Let k(f) = -2*f + f**2 + 7*f + 1 + 3. Let m be k(-5). Calculate d(m).
-3
Let h(q) be the second derivative of q**4/8 - q**3/6 - q**2 - q. Let a(m) be the first derivative of h(m). What is a(-2)?
-7
Suppose 0 = -0*p + 3*p - 18. Let t(r) = -r**2 + 5*r + 2. Calculate t(p).
-4
Let i(k) = -k**3 + 6*k**2 - 3*k + 4. Let n be (-8)/(-1 + 0) - 3. Suppose 0 = g - n*g - y + 29, -y = -4*g + 19. Calculate i(g).
-14
Let h(r) = r**3 + 8*r**2 - 10*r - 6. Let g be h(-9). Let c(v) = -5*v**2 - g - 2*v**2 - v + 4*v**2 + 4. Determine c(2).
-13
Let o(j) be the third derivative of -j**4/24 - j**3/6 - j**2. Let t(b) = -b - 18. Let y be t(-12). What is o(y)?
5
Let m(u) = u**2 + u + 13. Suppose -3*f = f + 7*f. Give m(f).
13
Suppose -h + 30 = -3*w, 1 = -2*w - 5*h - 2. Let j(u) = -u**3 - 8*u**2 + 10*u + 4. Determine j(w).
-5
Let s(m) be the third derivative of m**6/120 + m**5/20 - m**4/12 - m**3/6 + m**2. Determine s(-2).
7
Let j(m) = -m - 1. Let l = -1 + -2. Let k be j(l). Let a(t) = -2 + 2*t**2 - 4*t**k - 5*t - 1. Give a(-3).
-6
Let z(k) = -k**2 - 4*k + 2. Let f(b) = 3*b - 14*b - 1 + 6 - 4*b**2. Let m be (-3)/((2 - 0)/2). Let j(y) = m*f(y) + 8*z(y). Give j(-1).
4
Let d(m) be the first derivative of -m**4/4 + 4*m**3/3 - m**2/2 - 4*m - 3. Let p be d(3). Let h(i) = -2*i**2 - p*i**2 - 1 - 2 - i**3. Calculate h(-4).
-3
Let l(f) = -f**2 + 4. Let a be l(0). Let h(r) = -3*r - 4. Give h(a).
-16
Let w(a) = -a**2 + 14*a - 12. Let o be w(13). Let p(f) be the first derivative of -f - o - 2*f**3 - 1/2*f**2. Determine p(-1).
-6
Let a be 64/28 + (-4)/14. Let i be -2 + 3*(-8)/(-6). Let h(v) = 6*v + v**a - 2*v - 2*v**i - 4. Determine h(3).
-1
Let c(q) = 3*q**2 + q + q**3 + q**3 - 6*q**2. Suppose 5*p - 4 = 6. What is c(p)?
6
Let u = -22 - -19. Let v(n) = -n**3 - 4*n**2 - 2*n + 1. What is v(u)?
-2
Let a(p) = -2*p**2 + 3*p**2 - p + 13*p - 4*p. Give a(-8).
0
Let g(x) be the second derivative of -x**4/12 + x**3/3 - 2*x. Suppose -2*y + 2 = -0*y. Suppose m + 1 = -m - p, 0 = -m - p + y. Calculate g(m).
-8
Let n be (1/(-2))/(3/90). Let k be ((-15)/(-3))/(n/(-18)). Let o(y) = 7 - 4*y - 7*y + y**2 + 3*y. Determine o(k).
-5
Let s(i) = i**2 - 10*i + 19. Let r be s(8). Suppose q - r - 3 = 0. Let l(t) be the second derivative of t**4/12 - t**3 - 7*t**2/2 + t. Determine l(q).
-7
Suppose 0 = 3*o - 13 + 10. Let y(n) = -n + 2. Give y(o).
1
Let g(q) be the third derivative of 3*q**6/40 - q**5/60 - 16*q**2. Determine g(1).
8
Let a be -1*(-2 - -1)*-6. Let l = 6 + a. Let w(j) be the second derivative of j**3/6 - 3*j**2 + j. Calculate w(l).
-6
Suppose 50 = 10*c - 30. Let m(l) = 2*l - 12. Calculate m(c).
4
Let r = 22 + -22. Let g(o) = -o**2 - o - 3. Calculate g(r).
-3
Let z(q) = -9*q**2 - 2*q + 1. Let h(u) = 2*u - 8. Let g be h(6). Suppose 0 = g*v + v - 30. Suppose 4*k + 2 = v. Determine z(k).
-10
Let q(f) be the second derivative of -f**6/240 - f**5/120 + f**4/12 - 2*f. Let k(l) be the third derivative of q(l). Give k(1).
-4
Suppose 2*v = 3*v - 9. Let d = -6 + v. Let o(p) = -p**2 + 2*p - 4. What is o(d)?
-7
Let r(x) = -4*x + 2*x**3 - 3*x**3 + 3 - 4*x**2 + 5*x - 2*x. Calculate r(-4).
7
Suppose -j = -6*j - 2*s - 9, 0 = -4*j + 3*s + 2. Let b(w) = -1 - 2*w**2 - 10*w**3 + 6*w + 3*w**3 - 8*w. What is b(j)?
6
Let g(r) = -r**3 - 2*r**2 + 3*r - 2. Let x be 4/(-3 - 39/(-9)). Suppose x*c + 12 = -c. Calculate g(c).
-2
Suppose -3*l - 27 = -5*k - 0*l, 2*l = 2. Let j(x) = -x**3 + 5*x**2 + 6*x - 6. Give j(k).
-6
Let l be 3/(-1*(-3)/2). Let b(z) = z - 6 - l*z - z - z. What is b(-4)?
6
Suppose -30 = -5*p + 2*d - 3*d, 5*d = 5*p. Let y(n) = n - 1. Let q(m) = 1. Let o(l) = 3*q(l) - y(l). Calculate o(p).
-1
Suppose -5*p + 10*p - 30 = 0. Let j(s) = 5*s + 0*s**2 - 6*s**2 + 5*s**2 + 4 - s. What is j(p)?
-8
Let p(h) = 2*h**3 - 4*h**2 + 3*h. Suppose 2*b + 16 = 3*t, -5*t + 11 + 24 = -5*b. Give p(t).
6
Let m(g) = g**2 + 5*g - 7. Let u be m(-6). Let w(n) be the first derivative of 11*n**4/4 - n**2/2 - n - 63. Determine w(u).
-11
Let i be 3/((-2)/(-14)*1). Let n(z) = 1 + i*z - 48*z + 26*z. Let l be (-2)/4 - (-14)/4. Determine n(l).
-2
Let g(b) = -5*b**3 - b**2 + 2. Let l(y) = y**3 + y**2 + y. Let i(d) = g(d) + 4*l(d). Give i(-2).
14
Let v(r) = -r**2 + 4*r + r - 6*r. Give v(-2).
-2
Let f = 1 + 2. Suppose 2*q - 4*l = -6, 0 = f*q + 2*q - 4*l + 15. Let d = 1 - q. Let a(r) = -r**2 + 2*r + 1. Determine a(d).
-7
Let s(i) be the first derivative of -i**2/2 - 3*i - 7. Calculate s(-4).
1
Let f(u) = -u**2 + u. Let p be (6 - 1)*(-16)/(-10). Suppose -43 = 5*j - p. Let r = -4 - j. What is f(r)?
-6
Let y be 6/(-10) - 92/(-120). Let h(n) be the second derivative of n + 1/2*n**2 + 1/10*n**5 + 0*n**4 - y*n**3 + 0. Give h(1).
2
Let y(s) = -6*s**2 + 2*s**3 + s - 2*s**3 + s**3 - 2. Suppose -9*z = -7*z - 12. Calculate y(z).
4
Let t(m) be the first derivative of 1/10*m**5 + 1/6*m**4 - m**2 - 1/3*m**3 - 3*m + 2. Let h(s) be the first derivative of t(s). Give h(-2).
-6
Let p be 4/22 + (-159)/(-33). Let s(g) = g**2 - p*g - g - 2 + g + 2*g. Calculate s(3).
-2
Let g(i) be the first derivative of -2*i**3/3 - i**2 + 2*i + 9. Let w = -3 - -6. Suppose -1 = 2*x - u, 4*u + w = 4*x + 3*u. What is g(x)?
-10
Let z(x) = 9*x + 11. Let t(n) = 26*n + 32. Suppose -5*j - 22 = -107. Let f(o) = j*z(o) - 6*t(o). Let b = 6 - 10. Determine f(b).
7
Suppose -2 - 2 = -2*i. Let y(p) = -51*p + 48*p + 6*p**i + 1 - p**2 - p**3. Determine y(2).
7
Let w(g) = 2*g + 3. Let f(n) = 2*n**2 - 6*n + 6. Let k be f(3). Determine w(k).
15
Let v(k) = -6*k**2 + 13*k**2 - 4*k**2 - 3*k + 1 - 4*k**2. Give v(-4).
-3
Let i(w) = 18*w**2 - 3 - 8*w**2 - 9*w**2. Let h = 2 + -2. Let d(q) = q**2 + q. Let b be d(h). What is i(b)?
-3
Let y(d) be the third derivative of d**5/60 + d**4/6 - d**3 - 6*d**2. Calculate y(-5).
-1
Let g be 4/14 + 516/(-42). Let d(b) = b**3 + 13*b**2 + 12*b + 4. Let q be d(g). Let k(a) = -a**3 + 4*a**2 + a - 3. What is k(q)?
1
Suppose h = -4*z - 3, z = -3*h - 3*z + 31. Let q = h - 12. Suppose -5*o + 5*u - q = 0, 1 = -o - 0*u + 3*u. Let a(x) = -8*x**3 - x. What is a(o)?
9
Let v(m) = 1 + 22*m**2 - 51*m**2 - m - m + 26*m**2. Let c(l) = -l + 2. Let y be c(4). Give v(y).
-7
Let b(y) = -y**2 - y - 3. Let t = 1 + 2. Suppose 0 = -3*j - 6, r - t*j - 6 = -r. What is b(r)?
-3
Let i(k) = k**2 + k - 1. Suppose -4*p = -p + 6. Give i(p).
1
Let 